- -237?
198094
In base 7, what is -4342116455 + 2?
-4342116453
In base 14, what is -13da + -1094d?
-11d49
In base 5, what is -3 - -1141220343?
1141220340
In base 9, what is -677 - -222728?
222041
In base 8, what is 1326 + 1204?
2532
In base 3, what is 10212200102020 - -2?
10212200102022
In base 16, what is 1e4 - 49e0?
-47fc
In base 6, what is -444523330432 - 3?
-444523330435
In base 7, what is -25215110043 + -3?
-25215110046
In base 15, what is 21b + -12d8?
-10bc
In base 14, what is -239b8983 + -1?
-239b8984
In base 4, what is -10300303131322 + 10?
-10300303131312
In base 15, what is -4eca + 13e?
-4d8b
In base 8, what is -5 - 267201?
-267206
In base 9, what is -14 + 857228?
857214
In base 5, what is -331114421 + 4?
-331114412
In base 16, what is 131 - 25d0c?
-25bdb
In base 15, what is 359b56 - 23?
359b33
In base 4, what is 101322120 + 332?
101323112
In base 13, what is 305ba + -1304?
2c2b6
In base 7, what is -2051 - 42426?
-44510
In base 9, what is 226323014 - 3?
226323011
In base 2, what is -1000000001100000000000010010 - 1?
-1000000001100000000000010011
In base 10, what is 4223 - -13882?
18105
In base 16, what is 2611ec0 - 5?
2611ebb
In base 7, what is 12 + -324210325?
-324210313
In base 12, what is 11a159a8 - -10?
11a159b8
In base 16, what is 298 + 9f8e?
a226
In base 7, what is 124020 - 4431?
116256
In base 7, what is -42541 + -25406?
-101250
In base 4, what is 10303 - -322131212?
322202121
In base 15, what is 3d - 2364d1?
-236493
In base 2, what is 10 - -101101001011010101011?
101101001011010101101
In base 10, what is -4 + -447?
-451
In base 14, what is -5 + -67c01b?
-67c022
In base 3, what is -101111020 - -10212212?
-20121101
In base 11, what is 20a637 - -68?
20a6a4
In base 14, what is 1aa5d0b2 + -3?
1aa5d0ad
In base 14, what is -98d8d - 167?
-99116
In base 15, what is 15 + 99756?
9976b
In base 9, what is -5581560 + -50?
-5581620
In base 7, what is -1 + -50421524?
-50421525
In base 11, what is -5970565 - 17?
-5970581
In base 8, what is -435 - 33067?
-33524
In base 7, what is 200426 - 6121?
161305
In base 5, what is 201 + -214142341?
-214142140
In base 16, what is -47d3b75 + -6?
-47d3b7b
In base 13, what is 408066 - -2?
408068
In base 5, what is 403133424400 + 10?
403133424410
In base 5, what is -1144 + 1043324304?
1043323110
In base 5, what is -104014024 + 241?
-104013233
In base 7, what is 5 - -1454113361?
1454113366
In base 8, what is -2447 - -442627?
440160
In base 4, what is 3 - -210223001032?
210223001101
In base 10, what is -239 + -7077?
-7316
In base 5, what is 3040 - 23342?
-20302
In base 8, what is -3 - -22663623?
22663620
In base 2, what is -101011011100010100 - -1001110?
-101011011011000110
In base 9, what is -7048547 + 26?
-7048521
In base 9, what is 360 + -615806?
-615436
In base 2, what is -10 + -101101110000010010011?
-101101110000010010101
In base 8, what is 4 + 14664037?
14664043
In base 15, what is 21 + 7ea38?
7ea59
In base 7, what is -1314 - -166465?
165151
In base 10, what is 4 - -60446228?
60446232
In base 15, what is -9b7430 - 1?
-9b7431
In base 8, what is -5 + 247747746?
247747741
In base 3, what is -2 - 12022121211010201?
-12022121211010210
In base 5, what is 333 + -13104132?
-13103244
In base 8, what is 35562 - 1044?
34516
In base 16, what is f0 + -1efb7?
-1eec7
In base 15, what is 16 + -dee4?
-decd
In base 2, what is -1000 + -100001011101001010001?
-100001011101001011001
In base 13, what is -216 - 97?
-2b0
In base 3, what is -22102121110202 - 12?
-22102121110221
In base 9, what is -13071250 - -2?
-13071247
In base 10, what is 4 + -6401266?
-6401262
In base 9, what is 763644553 + 1?
763644554
In base 3, what is 20 - -10202121121221?
10202121122011
In base 9, what is 1 - -370051543?
370051544
In base 5, what is 130011 - -22104311?
22234322
In base 4, what is -203010111212 - -231?
-203010110321
In base 13, what is -49c0b - 60?
-49c6b
In base 6, what is -12502215 - -103?
-12502112
In base 2, what is -110000111111010 + -10101101?
-110001010100111
In base 7, what is 41203614 - 26?
41203555
In base 14, what is 1b35c + -820?
1a93c
In base 10, what is -21338 - -12506?
-8832
In base 3, what is -10100122110020 - -12?
-10100122110001
In base 11, what is 1279834 - -53?
1279887
In base 10, what is 57 - 80852?
-80795
In base 10, what is -3436412 + -265?
-3436677
In base 10, what is -7 - -1199138?
1199131
In base 4, what is 1121003 - -110021132?
111202201
In base 10, what is 101 + 1064389?
1064490
In base 4, what is -11 + -220131332332?
-220131333003
In base 10, what is -194658 - -173?
-194485
In base 15, what is 339 + 259c3?
25d0c
In base 11, what is 2116a17 - 41?
2116986
In base 16, what is -11cdb2 + 0?
-11cdb2
In base 3, what is 11110 - -100000000?
100011110
In base 14, what is -2156 + -18412?
-1a568
In base 11, what is 78a41087 - 5?
78a41082
In base 12, what is a - -1a2769b?
1a276a9
In base 10, what is 16337 + 13?
16350
In base 4, what is -10013 + -22200112?
-22210131
In base 13, what is -143b + -63?
-14a1
In base 13, what is 8 + -9a0854?
-9a0849
In base 4, what is -11100301033 - 33?
-11100301132
In base 8, what is 65076 + 30672?
115770
In base 9, what is -3520 - -27438?
23818
In base 9, what is 2 + -485834?
-485832
In base 15, what is -535a - 61d7?
-b542
In base 16, what is -18d + c78b?
c5fe
In base 4, what is 332120 + -123120?
203000
In base 6, what is 5155000254 + 21?
5155000315
In base 11, what is -8 - 10981567a?
-109815687
In base 13, what is 107 - 1661a?
-16513
In base 11, what is -156736 + 34?
-156702
In base 4, what is -32 + -2302010320010?
-2302010320102
In base 4, what is 11 + -112200121021?
-112200121010
In base 10, what is 3312 - -173?
3485
In base 10, what is 88132 + -64?
88068
In base 2, what is 10001011100010 - 100010100001?
1101001000001
In base 4, what is -110112133 + -1300?
-110120033
In base 5, what is 0 + -122334234320?
-122334234320
In base 8, what is 2371666 - 17?
2371647
In base 4, what is -11 - 20301?
-20312
In base 8, what is 57 - -1455567?
1455646
In base 5, what is 211244 + -442142?
-230343
In base 13, what is 1b3ca3b - -c?
1b3ca4a
In base 4, what is -32 - -23212232112?
23212232020
In base 16, what is 7bdfb7 + -3?
7bdfb4
In base 12, what is 885399 - -32?
88540b
In base 2, what is 10100011101000101100010010 - 110?
10100011101000101100001100
In base 8, what is -11 - -6674133?
6674122
In base 13, what is 4 + -20786066?
-20786062
In base 2, what is 100111101101001 - 10110?
100111101010011
In base 12, what is -25787 - -1b8?
-2558b
In base 5, what is 30302222 - -2?
30302224
In base 3, what is 11 + 102112112020201011?
102112112020201022
In base 5, what is 413 + 100403040?
100404003
In base 14, what is -98 - 22334?
-223cc
In base 15, what is 16b + 143448?
1435b4
In base 4, what is 202 - -20102001030?
20102001232
In base 9, what is 36108361 + 7?
36108368
In base 10, what is -2 - 43237517?
-43237519
In base 5, what is 101213 - -110220110?
110321323
In base 6, what is 212 + 5153502?
5154114
In base 9, what is -64620576 - -3?
-64620573
In base 6, what is 120 + -41311355?
-41311235
In base 5, what is 1141 - -441412?
443103
In base 9, what is 255711 + -626?
255074
In base 13, what is a658 + 3c8?
aa53
In base 6, what is -354 + 1153110?
1152312
In base 6, what is -11 - 102015315?
-102015330
In base 12, what is -251 + -1075a?
-109ab
In base 9, what is 165 + 28121?
28286
In base 7, what is -10 - -13215643?
13215633
In base 7, what is 3 - 14344314?
-14344311
In base 5, what is -143123420 - 2313?
-143131233
In base 16, what is -143e2a9 - -2?
-143e2a7
In base 14, what is 24 + a0709?
a072d
In base 15, what is -a4be - 169d?
-bb6c
In base 2, what is -110010011110110101010 - 11?
-110010011110110101101
In base 16, what is f442e0 + -3?
f442dd
In base 4, what is 11300 + -110023?
-32123
In base 7, what is -154344 - 350?
-155024
In base 11, what is 1a8 + -127a19?
-127821
In base 11, what is -285 + -1393a13?
-1394198
In base 10, what is -49976 + 395?
-49581
In base 2, what is 111 - -11100100101111101010?
11100100101111110001
In base 4, what is 210231 + 113113?
330010
In base 2, what is -11001110011100 + -111101111010?
-100001100010110
In base 12, what is -23 + 1755936?
1755913
In base 2, what is 10001001010100 - 1011010011101?
101110110111
In base 15, what is aed6dc - 1?
aed6db
In base 9, what is 243 + -2116173?
-2115830
In